24*j + 85 - 301. Let l = j + g. What is the remainder when l is divided by 2?
1
Suppose 1485 = 10*r - r. What is the remainder when r is divided by 42?
39
Suppose -13*h + 896 = -1938. What is the remainder when h is divided by 47?
30
Let l(q) = -2*q**3 + 3*q**2 + 2*q - 2. Let h = -20 + 101. Suppose -2*y - 5 + h = 0. Calculate the remainder when l(-3) is divided by y.
35
Let g(j) = -j**3 - 3*j**2 - 8*j + 14. What is the remainder when 349 is divided by g(-3)?
7
Let l(s) be the third derivative of -s**5/60 - 2*s**4/3 - 10*s**3/3 - 30*s**2. Calculate the remainder when l(-10) is divided by 14.
12
Let f(m) = 15*m - 37. Calculate the remainder when 296 is divided by f(4).
20
Let t(l) = 10*l**3 + l**2 - 2*l + 1. Let y = -3 - -4. Suppose u + 2*u = 12. What is the remainder when t(y) is divided by u?
2
Suppose 0 = 28*s + 1065 - 2969. Calculate the remainder when 134 is divided by s.
66
Let s be 104 + (-5)/(15/12). Let r = -15 - -19. Suppose r*v - s = -v. What is the remainder when 58 is divided by v?
18
Let p(i) = i**2 + 15*i - 21. Let d be p(-16). What is the remainder when ((-2)/4)/(d/650) is divided by 11?
10
Suppose -4*o - o + 20 = 0. Let u(k) = 3*k + 3 + 3*k + k - 3*k. Calculate the remainder when 55 is divided by u(o).
17
Let n(w) = -7*w**2 + 181*w - 65. Let i(y) = -3*y + 6. Calculate the remainder when n(25) is divided by i(-8).
25
Suppose -4*f - 92 = -4*t, 0 = 4*t + 4*f - 0*f - 108. What is the remainder when 92 is divided by t?
17
Suppose -744 = -7*x - x. Calculate the remainder when x is divided by 20.
13
Let n be (-6)/(-12)*-3*14/(-3). Suppose -2*t + n*t - 75 = 0. What is the remainder when t is divided by 10?
5
Let u be (-10)/(-4) + (-6)/(-12). Let w(k) = 9*k - 6. Let z be w(u). Suppose 0 = 6*h - 5*h - z. Calculate the remainder when h is divided by 12.
9
Let l = 310 - 257. Calculate the remainder when 204 is divided by l.
45
Let v = -10 - -33. Suppose 4*k - 6*k - 5*l = -v, -40 = -5*k + 5*l. Suppose -j + c + 2 = 0, 3*j - 3*c = -j + k. Calculate the remainder when 7 is divided by j.
1
Let v(k) = -6 + 12 - 4 - 108*k. Calculate the remainder when v(-1) is divided by 23.
18
Let q(s) = -13*s - 309. What is the remainder when 250 is divided by q(-25)?
10
Let r be -3*50/15*2. Let f = 20 + -10. What is the remainder when f is divided by (-10)/30 - r/6?
1
Let o(h) = -4*h + 1. Let y be o(-5). Suppose 75 = 3*s - y. Suppose -5*d - u + s + 35 = 0, 0 = -4*d - 3*u + 47. Calculate the remainder when 54 is divided by d.
12
Suppose 22 = -0*z + z. Let t(a) = -4*a + 1. What is the remainder when 2 + 3/(6/z) is divided by t(-1)?
3
Suppose 3*z - 4 = u, 0 = 5*u - 8*u + 3*z + 6. Suppose 10 = 2*c - 5*t - 183, -u*t + 277 = 3*c. Calculate the remainder when c is divided by 8.
6
Let q = 1758 + -1751. What is the remainder when 78 is divided by q?
1
Let w(h) = -5229*h + 5240*h - 20 + 5*h**2 - 2*h**2. Calculate the remainder when w(-9) is divided by 65.
59
Calculate the remainder when (-6 + -1 - -1) + 44 is divided by 12*((-6)/(-8) + 9/36).
2
Let h be -3 + 0 - (-2 - 185). Suppose -4*z - b - 3*b = -h, 47 = z + 2*b. Calculate the remainder when z is divided by (15 - -3) + -2*1.
13
Let q = 286 + -201. Suppose 0*o + 4*x + 76 = 2*o, 0 = -5*x + 15. What is the remainder when q is divided by o?
41
Let y(p) = p + 55. What is the remainder when y(-10) is divided by 14?
3
Suppose 0 = 9*s - 7*s + s. Let i be (8 + -1 - 2)*1. Suppose -5*c + i*b + 155 = 0, s = -0*b + 2*b + 2. What is the remainder when 88 is divided by c?
28
Let s(t) = 12*t - 158. What is the remainder when s(19) is divided by 12?
10
Let c = -144 - -168. What is the remainder when 70 is divided by c?
22
Suppose 8*m - 1 - 47 = 0. Suppose 7*p + m = p. Calculate the remainder when 88 is divided by (1*(-19 - -4))/p.
13
Suppose 0*p + 3*m + 166 = 2*p, -83 = -p + 3*m. Calculate the remainder when p is divided by 14.
13
Let t(o) be the second derivative of o**5/20 + o**4 + 2*o**3 + 8*o**2 - 7*o. Calculate the remainder when t(-11) is divided by ((-3)/(-2))/(12/16).
1
Suppose -20 = -5*r, 5*b = r + 192 + 524. Suppose -x + 111 = 2*x. What is the remainder when b is divided by x?
33
Suppose -4*i = -232 + 80. Calculate the remainder when i is divided by 36.
2
Suppose -21*x - 962 = -2999. Calculate the remainder when x is divided by 25.
22
Calculate the remainder when 1102 is divided by (-2162)/235*(0 + (-5)/2).
21
Let j(l) = -128*l - 2. Let t be j(1). Let w = -61 - t. Calculate the remainder when w is divided by 9.
6
Suppose 5*g = -8*g + 2223. Calculate the remainder when g is divided by 43.
42
Let a = -88 - -88. Suppose a = -3*z + 3. Let y = -1 - -2. What is the remainder when y is divided by z?
0
Let k = 881 - 864. Calculate the remainder when 93 is divided by k.
8
Let b = 422 + -236. Calculate the remainder when b is divided by 25.
11
Suppose -5*g + 27 = 5*u + 487, 0 = 2*g - 3*u + 164. Calculate the remainder when 28 is divided by (0 + 2/(-10))*(g - -63).
3
Let w = -4 - -8. Let i = w - 8. What is the remainder when 27 is divided by (-23 + -2)*i/10?
7
Suppose r = 3*a + 15, -5*r - 12*a + 131 = -13*a. What is the remainder when 175 is divided by r?
13
Calculate the remainder when 102 is divided by 50 + -25 + (2 - 1).
24
Suppose -u - 2*u + 12 = 0. Suppose -u*l = 141 + 71. Let c = -30 - l. Calculate the remainder when c is divided by 12.
11
Let p = -26 + 36. Calculate the remainder when p is divided by 13 + 90/72*-8.
1
What is the remainder when (18/15)/((-4)/(-490)) is divided by 51?
45
Suppose -y - 5*i - 1 = 0, -8*y = -9*y - 2*i + 14. Calculate the remainder when 163 is divided by y.
19
Let o = -19 + 83. What is the remainder when o is divided by 11?
9
Let a(g) = -7*g + 38. Calculate the remainder when 1205 is divided by a(3).
15
Suppose -3*i + 14 = 5*p, -4*p - 2*i = -3*p. Suppose -f + u + 267 = f, 0 = -f + p*u + 151. What is the remainder when f is divided by 44?
43
Let p(x) = -x**2 - 8*x - 13. Let l be p(-3). Suppose 320 = 2*f + l*f. What is the remainder when f is divided by 27?
26
Let j(t) = t**2 - 12*t - 6. Let d be j(12). Let q be (8/(-6))/(d/(-81)). Let z = 25 + q. What is the remainder when 19 is divided by z?
5
Suppose 128 = -6*c + 398. Suppose 0 = 3*s + 2*u - 44, 4*s - 45 - 21 = u. Calculate the remainder when c is divided by s.
13
Let o = -9 - -9. Suppose i - 1 - 4 = o. Calculate the remainder when -1 + -19*(1 - 2) is divided by i.
3
Let q = -97 + 274. Calculate the remainder when q is divided by 26.
21
Let w(f) = f**2 - 15*f + 8. Let l(b) = b**3 + 6*b**2 - 8*b + 9. Let i be l(-7). Calculate the remainder when 46 is divided by w(i).
22
Suppose 8*n - 380 = -156. Calculate the remainder when n is divided by 6.
4
Let d(u) = -u**3 - u + 13. Let a(n) = -n + 6. Let p be a(6). Let m(i) = i**3 + 11*i**2 - 10*i - 87. Calculate the remainder when m(-11) is divided by d(p).
10
Suppose -y - 3*y + 68 = 0. Let o = -677 + 742. What is the remainder when o is divided by y?
14
Let f(c) = -6*c**3 + 2*c**2 - 36*c - 70. What is the remainder when f(-2) is divided by 47?
11
Let q(s) = -s + 23. Calculate the remainder when q(0) is divided by (-30 + 27)*(1 - 30/9).
2
Let l(u) = -u**2 + 10*u - 17. Calculate the remainder when 11 is divided by l(6).
4
Suppose -18*r + 15*r = -4*t + 55, 5*r = 3*t - 33. Calculate the remainder when 30 is divided by t.
14
Suppose -6*c = -41*c + 3395. What is the remainder when 190 is divided by c?
93
Let c = 44 + -43. What is the remainder when 15 is divided by (-3 + 2)/(2/4 - c)?
1
Let s = 76 - -1. What is the remainder when s is divided by 26?
25
Let m = -79 - -82. Suppose 2*j + 0*j - 33 = -a, 0 = -m*j. What is the remainder when 125 is divided by a?
26
Suppose -4*t + t - 2*k + 19 = 0, 5*k = 5*t - 15. Suppose 130*s = 135*s - 115. What is the remainder when s is divided by t?
3
Let a(m) = m**2 - 6*m - 1. Let k = -43 + 78. What is the remainder when k is divided by a(7)?
5
Let z(k) = 6*k - 4. Suppose -4*a + 955 = 4*w - a, -a - 3 = 0. Suppose u + 5 = 0, 3*b + 2*u = -14 + w. What is the remainder when b is divided by z(4)?
19
Suppose -2*n - 4*d = -26, 0 = -5*n - 5*d + 4*d + 56. Let g(z) = 6*z**3 - 2*z**2 + 2*z - 2. Let y = -11 - -13. Calculate the remainder when g(y) is divided by n.
9
Let i(v) = -v**2 + 17*v - 16. What is the remainder when 134 is divided by i(13)?
26
Let t be (-6)/(-9) - (341/3 - -2). Let x 